ine x(8).
-3
Let b(f) = -f**3 - 15*f**2 - 14*f - 17. Determine b(-14).
-17
Let r(f) = f**2 + 22*f + 56. What is r(-20)?
16
Let d(m) = -3*m + 17. Calculate d(5).
2
Let x(j) = -j**2 + 38*j + 93. Calculate x(40).
13
Let d(u) = 2*u**2 - 4*u + 3. Give d(3).
9
Let m(f) = -f**2 - 9*f + 3. Calculate m(-7).
17
Let a(z) = -z**3 - 6*z**2 + 15*z + 7. Calculate a(-8).
15
Let b(y) = 2*y**2 - 7*y + 9. What is b(11)?
174
Let u(l) = -l**2 + 22*l - 73. What is u(19)?
-16
Let p(l) = 14*l - 92. Determine p(6).
-8
Let r(d) = 12*d - 271. Calculate r(23).
5
Let p(d) = -4*d + 22. What is p(-8)?
54
Let l(w) = w + 21. What is l(-8)?
13
Let c(b) = -15*b**2 + 5*b + 5. Determine c(-1).
-15
Let b(s) = 16*s + 203. Give b(-12).
11
Let w(n) = n**2 - 5*n - 63. Determine w(-6).
3
Let g(a) = -4*a - 10. Give g(-27).
98
Let g(p) = p**3 + 11*p**2 - p + 13. Give g(-11).
24
Let y(m) = -m**2 + 21*m - 88. What is y(15)?
2
Let q(d) = 2*d**2 + 7*d + 7. Give q(-3).
4
Let s(b) = -2*b + 90. Give s(37).
16
Let f(c) = -c**3 - 9*c**2 - 4*c - 42. Give f(-9).
-6
Let x(s) = -s**3 - 7*s**2 + 5*s - 13. Determine x(-6).
-79
Let r(h) = 29*h - 4. Calculate r(2).
54
Let h(d) = -d**3 - 19*d**2 - 3*d - 55. What is h(-19)?
2
Let f(u) = -u**3 + 28*u**2 - 28*u + 29. Determine f(27).
2
Let g(p) = p**2 + 7*p - 6. What is g(-8)?
2
Let v(k) = 33*k**3 - k. Give v(-1).
-32
Let g(f) = f**2 + 15*f - 6. Give g(-16).
10
Let s(v) = v**3 - 15*v**2 - 15*v + 40. Determine s(16).
56
Let f(w) = -19*w**2 - w. What is f(-1)?
-18
Let i(h) = 20*h - 106. Give i(6).
14
Let d(u) = 4*u + 33. Give d(-15).
-27
Let t(a) = -2*a**2 - 9*a - 6. Give t(-3).
3
Let i(a) = -5*a - 25. Give i(-12).
35
Let r(t) = -40*t + 1. Determine r(-1).
41
Let u(z) = z**3 - 9*z**2 - 21*z - 6. Determine u(11).
5
Let g(m) = m**3 - m**2 - 7. Determine g(0).
-7
Let k(j) = -j**3 - 8*j**2 + 6*j + 43. Give k(-8).
-5
Let d(y) = -y**2 - 5*y + 8. Calculate d(-6).
2
Let p(g) = -3*g**2 + 6*g + 26. Calculate p(-3).
-19
Let z(w) = w**2 - 15*w + 20. Determine z(14).
6
Let p(i) = i**3 + 7*i**2 + i + 6. Calculate p(-7).
-1
Let z(k) = k**2 - 16*k + 6. What is z(0)?
6
Let b(l) = -30*l + 235. What is b(8)?
-5
Let z(j) = j - 2. Calculate z(5).
3
Let h(m) = m**2 - 2*m - 7. What is h(-5)?
28
Let y(w) = 4*w + 72. What is y(-12)?
24
Let n(h) = -h**3 - 5*h**2 + h - 5. Calculate n(-5).
-10
Let q(n) = -n**3 - 6*n**2 + n + 28. Give q(-4).
-8
Let h(k) = 2*k**2 + 9*k + 9. Determine h(-4).
5
Let s(j) = -j + 10. Give s(12).
-2
Let l(t) = t**3 + 10*t**2 + 14*t - 13. What is l(-8)?
3
Let b(j) = -j - 2. Calculate b(-1).
-1
Let c(t) = 4*t**3 + 14*t**2 + 4*t - 4. Determine c(-3).
2
Let h(n) = 18*n**3 + 2*n**2 + 5*n + 4. Determine h(-1).
-17
Let z(b) = b**3 + 8*b**2 + 6*b - 21. Determine z(-5).
24
Let d(q) = q**3 - 13*q**2 - 3*q + 12. Determine d(13).
-27
Let f(o) = 5*o + 29. What is f(-7)?
-6
Let i(a) = -a - 10. Give i(-1).
-9
Let r(b) = -b**3 - b**2 - b + 28. Determine r(0).
28
Let s(g) = g**2 + g + 1. Calculate s(0).
1
Let v(o) = 2*o**2 - 4*o + 5. What is v(2)?
5
Let l(g) = 6*g**2 + 82*g + 49. What is l(-13)?
-3
Let x(q) = -q**3 + 20*q**2 + 44*q - 6. Give x(22).
-6
Let x(n) = n**2 + 7*n + 6. Calculate x(-9).
24
Let j(y) = y**3 + 10*y**2 + 20*y + 6. What is j(-8)?
-26
Let j(t) = -t**2 - 5*t - 16. What is j(-7)?
-30
Let j(n) = -2*n**2 - 3*n - 3. Calculate j(3).
-30
Let y(w) = 4*w**3 + 4*w**2 + 3*w - 5. Determine y(3).
148
Let m(z) = 8*z + 3. Determine m(-6).
-45
Let q(w) = -w**2 + w - 4. What is q(5)?
-24
Let a(g) = 23*g - 3. Calculate a(-2).
-49
Let q(b) = -b**2 - 15*b - 29. What is q(-14)?
-15
Let g(h) = -24*h**2 - 1. Give g(1).
-25
Let z(n) = -19*n - 285. Calculate z(-15).
0
Let s(g) = -g**3 + 9*g**2 - 9*g + 76. Give s(9).
-5
Let l(v) = -v**2 - 3*v + 5. Determine l(-4).
1
Let b(u) = 2*u**2 - 4*u - 5. What is b(3)?
1
Let c(r) = 2*r**3 - r**2 + 3*r - 8. Determine c(-4).
-164
Let a(y) = -19*y + 1482. Determine a(78).
0
Let b(w) = -w + 29. What is b(16)?
13
Let w(s) = s**3 + 22*s**2 + 20*s - 15. Calculate w(-21).
6
Let b(w) = -4*w**2 + 6*w - 14. Determine b(2).
-18
Let h(z) = -z**2 - 5*z + 41. Determine h(-9).
5
Let h(x) = -x**2 - 2*x + 9. Give h(-5).
-6
Let x(u) = -3*u**2 + 12*u + 7. Determine x(6).
-29
Let j(o) = -9*o**2 - 54*o + 5. Calculate j(-6).
5
Let y(c) = c**3 + 3*c**2 - 2*c + 5. What is y(-3)?
11
Let g(z) = z**3 - 7*z**2 - 4*z + 10. What is g(8)?
42
Let h(y) = y**3 - 7*y - 5. Determine h(-4).
-41
Let l(i) = 3*i - 10. Calculate l(7).
11
Let f(x) = x**2 - 12*x - 4. Calculate f(12).
-4
Let f(t) = 3*t**2 + 22*t - 108. What is f(-11)?
13
Let r(g) = 7*g + 11. What is r(-8)?
-45
Let q(d) = d**3 + 5*d**2 - 4*d - 11. What is q(-6)?
-23
Let w(n) = n**3 + 14*n**2 + 36*n - 3. What is w(-11)?
-36
Let t(y) = -y**3 + 8*y**2 + 9*y + 19. Determine t(9).
19
Let n(m) = 10*m - 16. Give n(1).
-6
Let m(f) = f**2 - f - 3. Determine m(-3).
9
Let i(c) = 2*c**3 - 14*c**2 - 3*c + 8. What is i(7)?
-13
Let l(u) = u**2 + 5. Give l(-4).
21
Let b(l) = -l**3 - 7*l**2 + l + 15. Calculate b(-6).
-27
Let c(d) = -d**3 + 6*d**2 - 2. What is c(6)?
-2
Let p(b) = b**3 + b**2 - 7. Calculate p(-4).
-55
Let v(g) = g**2 + 21*g + 88. Determine v(-11).
-22
Let k(w) = -2*w**2 - 9*w - 4. Calculate k(-4).
0
Let h(t) = 2*t**2 + 7*t + 1. What is h(-6)?
31
Let p(x) = 2*x**2 + 7*x + 7. Calculate p(-5).
22
Let h(t) = 15*t - 2. What is h(1)?
13
Let o(p) = -p**2 + 1. What is o(-5)?
-24
Let h(k) = -5*k + 8. Give h(3).
-7
Let q(d) = 2*d**2 + 6*d + 3. Give q(-5).
23
Let r(i) = -i**3 + 7*i**2 + 2. Determine r(7).
2
Let h(x) = x**2 + 22*x + 32. What is h(-23)?
55
Let r(s) = -s**3 + 3*s**2 + 44*s - 2. Determine r(8).
30
Let k(z) = -z**3 - 19*z**2 - 33*z + 17. Give k(-17).
0
Let y(w) = -10*w - 268. Calculate y(-26).
-8
Let k(y) = -y + 8. Give k(14).
-6
Let h(k) = 3*k**2 - 48*k - 97. Calculate h(-2).
11
Let u(l) = -l**2 + 8*l + 4. What is u(8)?
4
Let u(k) = -k**2 - k. What is u(1)?
-2
Let r(v) = -v**3 - 21*v**2 + 28*v + 2. Give r(-22).
-130
Let a(k) = -2*k**2 + 6*k - 16. Determine a(8).
-96
Let b(x) = -x**3 - 9*x**2 + 9. Give b(-9).
9
Let i(k) = -2*k - 1. What is i(3)?
-7
Let p(j) = -j**3 + 4*j**2 + 6*j - 2. What is p(5)?
3
Let p(b) = -b**2 - 14*b - 8. Determine p(-12).
16
Let r(n) = -2*n**2 - 9*n - 5. Determine r(-7).
-40
Let g(p) = -p**2 - 4*p - 2. Calculate g(-4).
-2
Let w(m) = -m**3 + 17*m**2 + m - 27. Determine w(17).
-10
Let z(i) = -i**3 - 2*i - 2. Calculate z(-2).
10
Let a(c) = -c**3 - 9*c**2 - 3*c - 29. Give a(-9).
-2
Let t(a) = -a**2 - 37*a + 206. Determine t(-42).
-4
Let s(i) = -i**2 + 7*i - 6. Determine s(4).
6
Let c(i) = 6*i**3 + i**2 - 1. What is c(-1)?
-6
Let v(h) = 3*h + 20. Calculate v(-10).
-10
Let o(b) = -23*b - 32. What is o(-2)?
14
Let s(l) = -5*l**3 + 4*l**2 + 5*l + 1. What is s(-2)?
47
Let f(h) = -4*h + 5. What is f(8)?
-27
Let h(g) = -g**3 - 4*g - 1. Give h(-2).
15
Let x(w) = -w**3 - 8*w**2 - 8*w + 7. What is x(-8)?
71
Let n(m) = 9*m**2 + 4*m - 5. Calculate n(1).
8
Let n(l) = l**2 + 7. Calculate n(0).
7
Let r(z) = -12*z**2 - 3*z + 2. Calculate r(1).
-13
Let o(s) = 6*s - 26. Calculate o(11).
40
Let l(c) = -c**2 + 22*c - 33. Calculate l(22).
-33
Let t(c) = -4*c + 18. Give t(0).
18
Let a(u) = -u**3 - 5*u**2 - 2*u - 12. Determine a(-5).
-2
Let l(y) = -y**3 + 12*y**2 - 7*y + 88. Determine l(12).
4
Let s(i) = -i + 20. Give s(11).
9
Let o(n) = -n**2 + 8*n + 40. Calculate o(-4).
-8
Let s(k) = -21*k**3 - k**2 + 3*k - 1. Give s(1).
-20
Let u(y) = -91*y - 87. Determine u(-1).
4
Let f(k) = -6*k**2 + 4*k + 1. What is f(1)?
-1
Let d(c) = c**2 + 12*c - 25. Determine d(-14).
3
Let d(f) = -f**3 + 3*f**2 + 2*f - 20. What is d(3)?
-14
Let d(o) = o**3 + 88*o**2 + 413*o - 169. Calculate d(-83).
-3
Let y(x) = -x + 9. Give y(4).
5
Let q(a) = 10*a + 96. Calculate q(-9).
6
Let g(c) = c + 13. Determine g(-5).
8
Let m(b) = -b - 1. Give m(6).
-7
Let y(k) = 3*k**3 - 15*k**2 + 22*k + 1. Calculate y(2).
9
Let a(d) = -3*d**2 - d - 12. What is a(0)?
-12
Let k(t) = 27*t**3 + 2*t + 2. Determine k(-1).
-27
Let b(u) = u - 13. What is b(13)?
0
Let x(o) = -o**3 + 10*o + 8. Calculate x(-2).
-4
Let x(l) = l**2 + 19*l + 27. Give x(-13).
-51
Let b(g) = g**2 - 19*g - 18. What is b(13)?
-96
Let c(l) = 2*l**2 + l - 3. Determine c(-4).
25
Let w(s) = -s**2 - 7*s + 1. Give w(-7).
1
Let y(i) = i**3 + 4*i**2 - 10*i - 17. Calculate y(-5).
8
Let k(h) = -h**3 + 6*h**2 - 8*h 